n + 88 = 0, 3*j - n = j - 34. Let r be (-228)/j - (-2)/(-8). What is the remainder when 39 is divided by (100/35)/(4/r)?
9
Let b(f) = 41*f - 6. Let k be b(3). Suppose 4*u + 8*h = 3*h + 110, -4*h - k = -5*u. Calculate the remainder when u is divided by 14.
11
Suppose -600 = -16*z - 14*z. What is the remainder when 94 is divided by z?
14
Suppose 4*p = -5*r - 4, 4*p - 2*r - 11 - 13 = 0. Suppose p*v + 4 = 12. Calculate the remainder when v is divided by 1.
0
Suppose -9*d - 3*d - 36 = 0. What is the remainder when 43 is divided by 22/(d*(-6)/9)?
10
Let x(k) = 3*k**3 - 10*k**2 + 2*k + 6. Let z be x(4). Let g = z + -20. Calculate the remainder when g is divided by 9.
8
Suppose 40*o + 40 = 45*o. Calculate the remainder when 21 is divided by o.
5
Suppose -1700*b + 1701*b = 217. What is the remainder when b is divided by 69?
10
Let g(u) = -u**3 - 2*u**2 - 4*u + 2. Let t be g(-5). Let b = -52 + t. Suppose b = 2*p + l + 2, -p + 14 = -l. What is the remainder when 73 is divided by p?
16
Let b = -1981 - -2049. What is the remainder when 217 is divided by b?
13
Calculate the remainder when (-3)/10 + (-26325)/(-250) is divided by 10.
5
Let k(i) = 4*i**3 - 3*i**2 - 5*i + 9. Calculate the remainder when 598 is divided by k(3).
73
Suppose 2*y = 2*l - 36, y - 47 = -4*l + 15. Suppose 29 + 126 = 5*k. What is the remainder when k is divided by l?
15
Let o = 368 - 311. What is the remainder when o is divided by 8?
1
Let l(c) = 3*c**3 + c**2 - 3*c - 3. Let a be l(-1). What is the remainder when 31 is divided by 1/(-1)*(a - 9)?
9
Let n(w) = 2*w**2 - 6*w + 11. Let v be n(5). Let j = v - 22. Calculate the remainder when j is divided by 4.
1
Let u(r) = 30*r - 37. Let n(c) = 3*c**3 + 19*c**2 + 4*c - 8. Let s be n(-6). Calculate the remainder when u(s) is divided by 17.
15
Suppose 2*t + 75 = 5*t. What is the remainder when 63 is divided by t?
13
Let o be 22*3/24 - (-1)/4. Suppose 4*j = 4 + 4, -5*j + 97 = o*q. Calculate the remainder when 172 is divided by q.
27
Suppose 2*w - 10 - 20 = -2*v, -2*w = 3*v - 30. Let p(z) = 3*z**2 + z + 1. Let x be p(1). Calculate the remainder when 16/(-20) - (-144)/x is divided by w.
13
Let v(t) = 3*t**2 - 9*t + 5. Suppose -197 + 245 = 3*a. Calculate the remainder when v(6) is divided by a.
11
Let v(j) = j**2 - 20*j + 103. Calculate the remainder when v(29) is divided by 45.
4
Let z(o) = 4*o + 18 - 18. What is the remainder when (-126)/12*8/(-6) is divided by z(2)?
6
Suppose -5*q + 5 = 5*a, -3*a = -0*a - 5*q - 35. Let r = 75 + -55. Let l = 31 - r. What is the remainder when l is divided by a?
1
Let b(g) = g**3 + 15*g**2 + 5*g - 83. What is the remainder when b(-11) is divided by 14?
10
Suppose 17*c + 327 = 4*z + 14*c, -c = -z + 82. Calculate the remainder when z is divided by 30.
21
Suppose 3*i - 7*i + j = -1046, -3*i - 4*j + 794 = 0. Suppose -i = -3*k - 214. What is the remainder when (-632)/(-5) - (-2)/(-5) is divided by k?
14
Let p = -11 - -17. Suppose 2*k = -5*o + 56 - p, 3*k = 3*o - 9. Calculate the remainder when 25 is divided by o.
1
Suppose -4*j = -j - 15. Suppose 3*x + j*g - 130 = g, 16 = 4*g. Let m = 13 + -3. Calculate the remainder when x is divided by m.
8
Suppose 17*p = 21*p - 80. Calculate the remainder when 47 is divided by (p - 2)*14/21.
11
What is the remainder when 782 is divided by (-121)/88*-8 + 17?
26
Suppose 10*x + 1619 = 229. Let u = x + 167. What is the remainder when u is divided by 15?
13
Let u(g) = -g**3 - 3*g**2 - g - 7. Let v be u(-4). Suppose -5*d - v = -108. Calculate the remainder when 54 is divided by d.
16
Calculate the remainder when 1/(-1)*(-11 + -356)*1 is divided by 9.
7
What is the remainder when (-28)/(-63) - (-2057)/9 is divided by 17?
8
Let c = -62 + 73. What is the remainder when 327 is divided by c?
8
Let o = 51 - 92. Let p = -18 - o. Calculate the remainder when p is divided by 13.
10
Suppose 10*g - g = 0. Suppose -3*k - 2*t = -376, k + g*k - 2*t = 128. Calculate the remainder when k is divided by 16.
14
Let t(k) = 2*k**2 - 11*k + 29. Calculate the remainder when 21 is divided by t(4).
4
Suppose -5*x - 2760 = -5*n, x - 2198 = 12*n - 16*n. What is the remainder when n is divided by 23?
21
Suppose 0*w + 4*w = 28. Let j be 16/(-40) - (-48)/(-5). Let a = 35 + j. Calculate the remainder when a is divided by w.
4
Let q be 1*(-1 - -4 - 3). Suppose f + 4*f + 5*k = 55, q = k - 2. Calculate the remainder when 17 is divided by f.
8
Let l = -12 + 14. Let u(m) = -8*m + 0*m - 13*m - l. What is the remainder when u(-3) is divided by 16?
13
Suppose m - 82 = 1. Calculate the remainder when m is divided by 6/21 - (-194)/7.
27
Let u = 511 + -494. Calculate the remainder when 48 is divided by u.
14
Let b(z) = 17*z - 3. Suppose 0 = 3*y + f - 10, 4*y - 2*f = 3*f - 12. Let d(x) = -4*x + 3. Calculate the remainder when b(y) is divided by d(-2).
9
Let c = 7 - 3. Let h be 693/135 - (-2)/(-15). Suppose h*x + 6*a - 48 = 2*a, -a = x - 9. What is the remainder when x is divided by c?
0
Let n = -1 - -29. Suppose 0 = -5*u - 3*y + 14, 0 = 4*u + y - 5 - 2. What is the remainder when n is divided by 1 + 2 + 8 - u?
8
Suppose 2*f - 46 = -2. What is the remainder when 25 is divided by f?
3
Let r be (-2)/(-8) - -5*(-5)/100. Suppose r = l + 5*g + 1 - 5, -3*l + 40 = g. What is the remainder when 27 is divided by l?
13
Let c be 16 + -1 - (5 - 1). Let l(m) = 7*m + 5. What is the remainder when l(c) is divided by 42?
40
Let t = 76 + -48. Suppose -5*r = -o - 10 - 2, 6 = o + r. Suppose -u + 3*p = -10 + o, 2*p = 2. What is the remainder when t is divided by u?
8
Suppose -9*r + 2861 + 847 = 0. Calculate the remainder when r is divided by 59.
58
Let r(z) = z**3 + 7*z**2 + 13*z + 111. Let m(b) = b**3 + b + 73. What is the remainder when m(0) is divided by r(-7)?
13
Let v(s) = 4*s**3 + s**2 - 1. Let d be v(1). Suppose -d*j - 38 - 31 = -m, -2*m + 93 = j. Calculate the remainder when m is divided by 13.
10
Let d = 9 - 4. Suppose 16 = d*k - 3*k. Calculate the remainder when (6/3)/(-12) - (-187)/6 is divided by k.
7
Let o(d) = 3*d + 26. Let m(z) = z + 3. Let a be m(-3). Suppose a = 6*f - 2*f - 48. What is the remainder when f is divided by o(-7)?
2
Calculate the remainder when 284 is divided by -5 + 13/((-104)/(-544)).
32
Let y(g) = 30*g**2 + 2*g - 8. Let m be y(2). Suppose -3*v = -o - m, -3*o = 3*v - 5*v + 68. Calculate the remainder when 159 is divided by v.
39
Let f(y) = y**3 + y + 105. Let w be f(0). Let o = w + -65. What is the remainder when o is divided by 15?
10
Calculate the remainder when 72 is divided by 1 + (4 - -2)*114/36.
12
Suppose -4*q + 2*x = q - 15, -4*q + 12 = x. What is the remainder when ((-18)/(0 - q))/((-12)/(-104)) is divided by 29?
23
Let u be (-5)/((-10)/(-114)) + 3. Let x(r) = 2*r**2 + 4*r + 2. Calculate the remainder when x(4) is divided by (-4)/18 + (-714)/u.
11
Suppose 5*p = -0*p + 325. Let o = -577 - -611. Calculate the remainder when p is divided by o.
31
Let f be 1/(-3) + (-735)/9. What is the remainder when 39 is divided by (-14)/70 + f/(-10)?
7
Let z be (-4)/12*-6*1. Suppose 0 = 3*r - 4*y - 124 - 15, 0 = 5*r + 5*y - 290. What is the remainder when r is divided by (24/14)/(z/21)?
17
Let h(n) = -8*n**3 - 3*n**2 - 9*n - 1. Calculate the remainder when h(-3) is divided by 44.
39
Let w(o) = 6*o - 82. Let l be w(26). What is the remainder when 270 is divided by l/2 + (-4)/(8/6)?
32
Let z(x) = -x**2 - x + 1. Let m(k) = -k**2 + 8*k - 12. What is the remainder when m(3) is divided by z(0)?
0
Let o = -29 + 29. What is the remainder when 11/(o - 4/(-12)) is divided by 18?
15
Let k = 1172 - 1050. Calculate the remainder when k is divided by 37.
11
Let j = -61 - -76. What is the remainder when 29 is divided by j?
14
Let n = 51 - 49. Let b(f) = 9*f**2 + f - 2. Calculate the remainder when b(n) is divided by 13.
10
Let c = 1 + 0. Let k = 23 - c. Suppose i - 5*f = k, -4*f = -f. What is the remainder when 65 is divided by i?
21
Let b = -349 - -358. What is the remainder when 34 is divided by b?
7
Let h be (1 - 8/(-6))/(2/18). Suppose 0 = -2*g + g + h. Calculate the remainder when g is divided by 12.
9
Let h(w) = -3*w**3 - 12*w**2 + 2*w + 1. Let i be h(-5). Suppose 3*c - 6*c - m = -208, m - i = -c. What is the remainder when c is divided by 12?
11
Let o(t) = t**3 + 12*t**2 - 10*t - 97. Calculate the remainder when 67 is divided by o